 0 = -d + x - 6, 3*d - 4*x + 10 = -12. Let i be d/(3 - 1018/334)*-4. Let v = -86 - i. What is the tens digit of v?
8
Let u = -1996 - -6373. Suppose 8*w - u - 4807 = 0. What is the thousands digit of w?
1
Let v(w) be the third derivative of w**6/8 + w**5/20 - w**4/6 - 2*w**3/3 + w**2 - 12*w. What is the units digit of v(2)?
0
Suppose 4*h + 1 + 10 = -5*p, 8 = -3*p - h. Let r(c) = 29*c**2 + 5*c + 27. What is the hundreds digit of r(p)?
2
What is the ten thousands digit of -6 - (110/20)/(-1) - (-25727)/2?
1
Suppose -15002 - 23325 = -23*i + 47555. What is the units digit of i?
4
Let s(f) = 1220*f**2 - f + 28. What is the units digit of s(-3)?
1
What is the units digit of ((-160200)/(-27))/(-10)*21/(-14)?
0
Let n = 8862 + -6522. What is the hundreds digit of n?
3
Let l(r) = 8*r + 26. Let f be l(-3). Let x be f + 4/(4/61). Let h = x + 21. What is the units digit of h?
4
Let c = -3245 + 4733. Let g be c/8 + -1 + -1 + 0. Suppose x + g = 3*x - 4*d, -2*x = 5*d - 202. What is the units digit of x?
6
Let d = -468 + 477. Suppose -d*m - 9412 + 27178 = 0. What is the units digit of m?
4
Let h(x) be the third derivative of -x**6/60 - x**5/60 - x**4/24 + x**3/6 + 16*x**2. Let t be h(-2). What is the tens digit of (-2 - (-40)/t)*258?
7
Suppose 0 = -x - z + 9389, -2*z = 140 - 130. What is the hundreds digit of x?
3
Suppose 789147 + 132579 = 18*k. What is the ten thousands digit of k?
5
Suppose -870 = 5*b + 2*l, 4*b = -2*l - 361 - 335. Let f = b - -265. What is the units digit of f?
1
Let r(w) = 150*w**2 - 3*w + 2. Let f be r(4). Suppose -f = -13*q + 3*q. What is the units digit of q?
9
Suppose -26754 = -9*j - 3750. Suppose 12*c = j + 3480. What is the units digit of c?
3
Suppose -6*h = 81 + 27. Let b = h + 19. What is the hundreds digit of 284 + b/(-3) + 6/(-9)?
2
Let i(d) = -26*d - 80. Let y be i(5). Let f = y - -551. What is the units digit of f?
1
Let t(v) = 38 - 41*v**3 - 5*v**2 - 39*v**3 - 4*v - 40*v**3 + 0*v**2 + 122*v**3. What is the hundreds digit of t(6)?
2
Let m be (-315)/(-4) - (-16)/64. Let t be 1*-2 + (m - 3). Suppose 0 = 4*q - 218 - t. What is the tens digit of q?
7
Let r(n) = 7*n**2 + 90*n + 166. What is the tens digit of r(-44)?
5
Suppose 0 = -3*h - 3*y - 66, 4*y - 98 = 5*h - 15. Let a = h - -21. Suppose r = -a*u + 111, -2 = 4*r - 6. What is the tens digit of u?
5
Suppose -3*p - 2*f - 2470 = 0, -2473 = 4*p - p - f. What is the tens digit of (-12)/18 + p/(-3)?
7
Let b(x) = 8*x**2 + 181*x + 1344. What is the tens digit of b(-92)?
0
Let z = -135 + 141. Suppose 4*w = -4*i + 8, -5*w - 5*i = -2*i - z. What is the hundreds digit of (w - 3/(-15))*-5*-227?
2
Suppose -42 = -5*s + i, 6*s - 18 = 5*s - 3*i. Suppose 0 = s*c - 7*c - 10. Suppose -4*g - c*f + 538 = 0, -3*g = 5*f - f - 403. What is the hundreds digit of g?
1
Suppose -6*o - 3*d = -2*o + 28, -32 = 5*o + 3*d. Let a = o + 7. Suppose -a*l + m = -761, -763 = -3*l - 4*m + 6*m. What is the tens digit of l?
5
What is the units digit of (-3)/(-36)*(-32)/6 + (-1559322)/(-162)?
5
Let c(q) be the second derivative of -1/20*q**5 - 7/2*q**3 + 0 - 13/12*q**4 + 23*q + 13/2*q**2. What is the units digit of c(-12)?
1
Let v be (-2)/(-5) + 26/10. Suppose 0 + v = -m - 3*x, -x - 8 = -2*m. Suppose -2*z + m*j + 327 = 0, 348 = 2*z + 4*j - 0*j. What is the tens digit of z?
6
Let j(u) = 38*u + 45. Let o be j(7). Let g = o + -118. What is the hundreds digit of g?
1
Suppose -1 - 37 = -19*n. What is the units digit of (-42 - n)*-3*7/28?
3
Let m(v) = -v**2 - 1. Let a(j) = 10*j**2 + 8*j + 2. Let r(g) = a(g) + 4*m(g). What is the units digit of r(-9)?
2
Let o(q) be the first derivative of 3*q**3 + 9*q**2/2 - 7*q + 15. Let f(h) be the first derivative of o(h). What is the tens digit of f(2)?
4
Let g be (-88)/(-32) + (-2)/(-24)*3. Suppose 88 = -g*h + 106. What is the units digit of 2/((-4)/h)*-43?
9
Let r(k) = -2*k**3 - 10*k**2 - 12*k - 18. Let h be r(-4). What is the tens digit of -1278*(-5)/(-15)*h?
5
Suppose -h + 0*i + 4*i = -54133, 2*h - 3*i - 108246 = 0. What is the hundreds digit of h?
1
Suppose -28*c + 450 = 86. Suppose 1458 + 3898 = c*y. What is the tens digit of y?
1
Suppose 7*g - 11*g = -2*n - 58956, -n + 73702 = 5*g. Suppose -37*o + g = -17*o. What is the units digit of o?
7
Let f(r) be the third derivative of -r**5/60 - 2*r**4/3 + 4*r**3/3 - 2*r**2. Let u be ((-1691)/494 - (-3)/(-39))*2. What is the units digit of f(u)?
1
Suppose -2*u - u + 20833 = 2*s, 3*s + 34728 = 5*u. What is the hundreds digit of u?
9
Let g(l) = 3*l**2 - 18*l - 55. Let q be g(-25). Suppose -75*t + 65*t + q = 0. What is the units digit of t?
7
Let y(i) = 2*i + 34. Let a be y(0). Suppose -a = -12*o + 2. Suppose o*t - 526 = -55. What is the tens digit of t?
5
Let j = 5129 + -547. What is the units digit of j?
2
Let x(j) = 7*j**2 + 2*j + 26. Let o be x(-5). Let g(h) = -h + 8. Let r be g(8). Let p = o + r. What is the tens digit of p?
9
Suppose 8 - 5 = -k. What is the tens digit of k/24 + 42498/144?
9
Let c(g) = 42*g**2 + 700*g - 45. What is the units digit of c(-27)?
3
Let v(x) = -219*x - 6194. What is the tens digit of v(-90)?
1
Let m = -28604 + 40099. What is the hundreds digit of m?
4
Let w(p) = p**3 + p - 1. Let v be w(2). Suppose -v*i + 249 = -1920. What is the units digit of i?
1
Let b(z) = z**3 + z**2 - 11*z. Let x(p) = -p**3 + 2*p**2 + 2*p - 2. Let c be x(3). Let d be b(c). Let u = d - -107. What is the units digit of u?
2
Suppose 3*d + 3*u - 82 = -d, d - 28 = 3*u. Suppose -28 = 3*p - 4*f, -4*p + f - d = -2. What is the tens digit of p - 11/(44/(-312))?
7
Let r be 1*43*(28 + -27). Suppose 25 = -r*f + 48*f. What is the units digit of 34 - (50/(-2))/f?
9
Let j = 82 + -62. Let h(b) = -b**3 + 21*b**2 + 2*b + 48. What is the hundreds digit of h(j)?
4
Suppose 3*g + 260 = -5*t, 14*g + 305 = 11*g + 4*t. What is the hundreds digit of (-58767)/g - 9/15?
6
Let u(s) = -11*s**3 + 2*s**2 - 10*s - 30. Let m be u(-3). What is the hundreds digit of 2*(-10 + 7 + m)?
6
Let p(s) = -2*s**3 + 28*s**2 + 10*s + 3. Let a(w) = w**3. Let q(d) = 4*a(d) + p(d). What is the hundreds digit of q(-13)?
2
Let t(a) = a**3 - 54*a**2 + 55*a - 92. Let o be t(53). Let y be 30/(-4)*(-12)/9. Let j = o - y. What is the units digit of j?
4
Suppose -5*d = -d - 5*n + 25, 25 = 4*d + 5*n. Suppose -4*f - 24 + 68 = d. Let u(t) = 8*t + 24. What is the hundreds digit of u(f)?
1
Let n be (-3 - -2)/((-8)/(-16)). Let c be 58 - (2/4)/(n/8). Suppose c - 22 = 2*u. What is the tens digit of u?
1
Suppose -w = 3*w - 8, 3*w - 10 = -2*n. Suppose -113 = -p + 3*k, 11*p - 8*p = -n*k + 284. What is the tens digit of p?
9
Let n(l) = -86*l**3 - 7*l**2 + 30*l + 322. What is the tens digit of n(-6)?
6
Let s(y) = -9*y**3 - 31*y**2 - 102*y - 352. What is the hundreds digit of s(-12)?
9
What is the ten thousands digit of (6/(-4))/(12 + -17 - 1294131/(-258828))?
4
Let d(u) = -2*u + 31. Suppose 0 = 2*j - 0 + 8. Let g be d(j). What is the hundreds digit of 4713/g - -1 - 4/(-26)?
1
Let y = 92 - 87. Suppose -y*f + 125 = 55. Suppose -f = -s + 17. What is the units digit of s?
1
What is the hundreds digit of 5424 - (24/(-28) + 2 - 60/(-70))?
4
Let j = 8253 - -2082. What is the ten thousands digit of j?
1
Let r be (-4)/(-6) + (-35)/(-30)*8. Let c be 2*6/(-8)*r/(-15). What is the units digit of 5*((-2)/3)/(c/(-39))?
0
Suppose 282 = -s + 2002. Let i = s - 759. What is the units digit of i?
1
Suppose -10*f = -2081 + 2061. Let x = -112 + 229. Suppose n = -f*n + x. What is the units digit of n?
9
Let c = 3127 + -2317. What is the hundreds digit of c?
8
What is the hundreds digit of (148/1)/((3/(-4))/(2085/(-40)))?
2
Suppose 0 = -1126*x + 1117*x + 8109. What is the tens digit of x?
0
What is the tens digit of (38490/(-40) + 3)/(-3 + (-22)/(-8))?
3
Let v(b) = -2*b + 45. Let h = 226 - 230. What is the tens digit of v(h)?
5
Let w(z) = -375*z**3 + 3*z**2 - 3*z + 1. Let r be w(1). Let n be (-12)/(-54) + r/(-18). Suppose -g - 4*l + n = -33, 4*g + l = 291. What is the units digit of g?
4
Suppose -q + 5961 = n, q - 3062 - 2903 = -3*n. What is the units digit of q?
9
Let d(f) = 134*f - 32. Let s be d(-1). Let b = s + 781. What is the hundreds digit of b?
6
Let f(d) = d**3 - 3*d + 1. Let k be f(2). Let h be 2/k*(-9)/(-6). Suppose -175 = -3*c - h. What is the tens digit of c?
5
Suppose -8*l = 765 - 181. Let z = 79 + l. Let b(m) = -m**3 +